e 4
-211331
Convert 7570 (base 10) to base 15.
239a
What is -4162 (base 7) in base 12?
-a21
Convert -12405 (base 8) to base 3.
-21101022
Convert 122120 (base 3) to base 7.
1245
Convert -115015 (base 6) to base 15.
-3028
What is -13421 (base 5) in base 12?
-787
-899a (base 16) to base 3
-1210022200
What is -1765 (base 8) in base 7?
-2645
Convert -39a3a (base 11) to base 2.
-1101111101000011
-14649 (base 15) to base 2
-10000000000001000
Convert 122a (base 11) to base 2.
11001000101
248c (base 13) to base 3
21010002
1b1 (base 16) to base 14
22d
What is -11525 (base 7) in base 8?
-5700
What is -131212 (base 9) in base 7?
-451112
Convert 38a7 (base 11) to base 6.
35302
2134 (base 6) to base 7
1300
2314 (base 5) to base 12
23a
Convert 374 (base 15) to base 12.
554
-6994 (base 16) to base 6
-325044
-1210011 (base 4) to base 10
-6405
1601 (base 11) to base 9
2736
-1281 (base 15) to base 11
-2a68
What is -13330210 (base 4) in base 3?
-1122122111
da (base 16) to base 8
332
Convert -88db (base 14) to base 7.
-126064
338 (base 10) to base 14
1a2
What is -1357 (base 9) in base 13?
-60a
21211110 (base 4) to base 15
b96c
What is -1124 (base 10) in base 7?
-3164
Convert -100011011101 (base 2) to base 6.
-14301
-11002231 (base 4) to base 11
-14576
17ec (base 15) to base 5
131142
-2304 (base 6) to base 5
-4134
-42113 (base 5) to base 6
-20515
Convert 1314 (base 5) to base 6.
545
-318 (base 11) to base 10
-382
What is 2301101 (base 4) in base 15?
3565
What is -1369 (base 10) in base 3?
-1212201
Convert -5283 (base 13) to base 7.
-45216
What is -32002 (base 6) in base 5?
-114242
What is 13d6c (base 15) in base 4?
33210201
Convert 2c6 (base 15) to base 5.
10021
-14141 (base 7) to base 4
-330023
What is -2122 (base 3) in base 12?
-5b
What is -1440 (base 6) in base 4?
-12000
Convert 1002111 (base 3) to base 2.
1100011100
What is 101102100 (base 3) in base 11?
5786
-497 (base 14) to base 4
-32111
Convert -419 (base 16) to base 4.
-100121
What is -102101022 (base 3) in base 13?
-3a13
What is 7783 (base 12) in base 8?
31623
Convert -1747 (base 13) to base 16.
-d6f
Convert -63c (base 15) to base 2.
-10101111111
Convert 585 (base 9) to base 2.
111100010
14310 (base 5) to base 4
102311
2242 (base 6) to base 16
212
Convert 210310 (base 5) to base 7.
26164
What is 31122 (base 4) in base 2?
1101011010
-43123 (base 5) to base 4
-231201
a91 (base 13) to base 2
11100010000
-15753 (base 9) to base 10
-10821
What is -4 (base 13) in base 15?
-4
What is -10615 (base 7) in base 3?
-10201021
5959 (base 13) to base 10
12580
What is -111201 (base 3) in base 12?
-26a
30434 (base 7) to base 15
22ee
What is 61 (base 8) in base 3?
1211
What is 412d (base 14) in base 4?
2233031
Convert 11998 (base 10) to base 12.
6b3a
What is 524 (base 11) in base 8?
1167
Convert 15958 (base 11) to base 6.
251532
What is 145 (base 11) in base 8?
252
What is 12222121 (base 3) in base 15?
145d
Convert 237 (base 13) to base 8.
600
What is 1100001001 (base 2) in base 15?
36c
Convert 1211 (base 7) to base 13.
287
-22112202 (base 3) to base 16
-1856
293 (base 12) to base 6
1503
What is 10312023 (base 4) in base 5?
1113401
What is 11110111110 (base 2) in base 10?
1982
-a6c1 (base 14) to base 15
-87e0
What is -155 (base 7) in base 13?
-6b
Convert -1231222 (base 4) to base 16.
-1b6a
27 (base 16) to base 3
1110
What is -d91 (base 16) in base 7?
-13061
253 (base 16) to base 4
21103
1101111110110 (base 2) to base 14
2874
1024 (base 10) to base 12
714
Convert -7333 (base 9) to base 15.
-18d6
1db3 (base 15) to base 14
2500
What is -59ae (base 15) in base 13?
-88a6
What is -d63 (base 16) in base 6?
-23511
What is 181 (base 12) in base 11?
1aa
-727 (base 14) to base 9
-1833
Convert -4350 (base 6) to base 4.
-33222
-1030121 (base 4) to base 11
-3745
314a (base 11) to base 7
15103
Convert -1031300 (base 4) to base 12.
-2a68
Convert -783 (base 9) to base 2.
-1010000010
-31223 (base 6) to base 13
-1ba5
252434 (base 8) to base 13
30993
Convert 2aa6 (base 11) to base 14.
164c
What is -79d (base 14) in base 12?
-a5b
Convert 6542 (base 7) to base 13.
10a6
What is 111111011000 (base 2) in base 3?
12120020
What is 5730 (base 10) in base 4?
1121202
What is -6075 (base 10) in base 3?
-22100000
What is 6a1 (base 16) in base 10?
1697
-310133 (base 4) to base 10
-3359
What is -111112101 (base 3) in base 5?
-303430
-530340 (base 6) to base 5
-2333100
What is 8272 (base 9) in base 16?
17ab
What is -2224 (base 13) in base 3?
-20112101
What is 14531 (base 6) in base 9?
3211
-2780 (base 12) to base 14
-193a
-1646 (base 14) to base 15
-12a7
What is 7818 (base 9) in base 2?
1011010001000
111101110100 (base 2) to base 9
5375
What is 233343 (base 5) in base 10?
8598
Convert 3034432 (base 5) to base 9.
74642
What is 16d5 (base 16) in base 2?
1011011010101
What is -2102110 (base 3) in base 6?
-12103
-439 (base 12) to base 7
-1545
Convert 42104 (base 6) to base 3.
21202111
What is 1ab09 (base 15) in base 3?
11102011000
Convert -90d1 (base 16) to base 3.
-1212212002
What is 4a26 (base 14) in base 7?
52546
What is -1752 (base 8) in base 12?
-6b6
Convert -38443 (base 9) to base 11.
-18496
Convert 5002 (base 9) to base 10.
3647
240400 (base 6) to base 3
1001122100
2120434 (base 5) to base 6
433252
-10100000011101 (base 2) to base 6
-115313
13545 (base 7) to base 2
111001111100
-607 (base 10) to base 8
-1137
What is 646 (base 7) in base 8?
510
-10bb (base 13) to base 2
-100100101111
Convert -35151 (base 7) to base 9.
-13313
What is -20100112 (base 4) in base 13?
-12511
10010011100 (base 2) to base 3
1121201
Convert 51860 (base 11) to base 7.
433215
-24736 (base 11) to base 15
-a7b2
-21331 (base 5) to base 11
-1113
Convert e4 (base 16) to base 3.
22110
What is -14a0 (base 11) in base 15?
-885
Convert -1204204 (base 5) to base 9.
-33681
-11342 (base 5) to base 11
-700
-1246 (base 14) to base 13
-15c0
Convert -6588 (base 10) to base 15.
-1e43
-1971 (base 10) to base 7
-5514
-514d (base 16) to base 8
-50515
2797 (base 11) to base 15
1110
30113 (base 4) to base 12
55b
10100000101110 (base 2) to base 3
112002222
-822 (base 11) to base 10
-992
-20101200 (base 3) to base 13
-2178
-40 (base 12) to base 15
-33
Convert -36 (base 16) to base 14.
-3c
What is 9903 (base 10) in base 3?
111120210
Convert -332 (base 11) to base 3.
-112202
What is 10020102100 (base 3) in base 5?
4014404
73c (base 13) to base 5
14414
Convert -11562 (base 8) to base 3.
-20211101
1c4b (base 15) to base 5
144041
44213 (base 7) to base 13
5078
673 (base 9) to base 5
4202
What is -1056 (base 8) in base 7?
-1425
6126 (base 7) to base 14
abd
What is -12140 (base 6) in base 8?
-3374
What is 23011 (base 4) in base 2?
1011000101
1240342 (base 5) to base 2
101111110011000
What is -5170 (base 12) in base 8?
-21244
What is -1201 (base 4) in base 11?
-89
Convert -2031 (base 5) to base 3.
-100212
Convert -64 (base 7) to base 9.
-51
306616 (base 7) to base 14
15346
-122202000 (base 3) to base 14
-49db
4d2c (base 16) to base 3
1000002201
-3760 (base 11) to base 5
-124111
What is -3143 (base 11) in base 13?
-1b81
What is 225450 (base 6) in base 13?
8aa2
-148 (base 15) to base 3
-101212
What is b24 (base 14) in base 5?
32223
Convert -252 (base 9) to base 3.
-21202
What is 15232 (base 11) in base 2?
101010001000101
-20 (base 4) to base 15
-8
-8b5 (base 14) to base 4
-122333
-565 (base 8) to base 5
-2443
Convert 133 (base 10) to base 7.
250
What is 24022 (base 6) in base 7?
13055
453 (base 15) to base 14
4dc
193 (base 16) to base 9
487
Convert -30232 (base 5) to base 2.
-11110010110
What is -136063 (base 8) in base 5?
-3020204
-102041 (base 5) to base 14
-1348
Convert -2c1 (base 15) to base 14.
-331
-11034 (base 5) to base 8
-1401
-235232 (base 6) to base 14
-7724
What is -44433 (base 5) in base 9?
-4244
-1121001002 (base 3) to base 15
-946b
1024 (base 6) to base 14
128
What is -aa7 (base 16) in base 10?
-2727
1505 (base 8) to base 12
599
Convert -65811 (base 9) to base 8.
-125225
Convert 52466 (base 8) to base 7.
120412
-2404 (base 5) to base 13
-213
Convert -40044 (base 7) to base 6.
-112340
Convert 476 (base 10) to base 15.
21b
9384 (base 12) to base 4
3323110
What is 5673 (base 10) in base 4?
1120221
Convert 13517 (base 10) to base 4.
3103031
835e (base 15) to base 13
c839
Convert 10044 (base 6) to ba